{"id":79,"date":"2016-06-18T10:42:29","date_gmt":"2016-06-18T10:42:29","guid":{"rendered":"http:\/\/bachgrundmusikanten.de\/?page_id=79"},"modified":"2017-02-03T17:02:29","modified_gmt":"2017-02-03T17:02:29","slug":"draeschflegel","status":"publish","type":"page","link":"https:\/\/bachgrundmusikanten.de\/?page_id=79","title":{"rendered":"Die Dr\u00e4schflegel"},"content":{"rendered":"<p><img loading=\"lazy\" decoding=\"async\" class=\"alignnone  wp-image-685\" src=\"https:\/\/bachgrundmusikanten.de\/wp-content\/uploads\/2016\/06\/PICT4558.jpg\" alt=\"PICT4558\" width=\"757\" height=\"568\" srcset=\"https:\/\/bachgrundmusikanten.de\/wp-content\/uploads\/2016\/06\/PICT4558.jpg 2816w, https:\/\/bachgrundmusikanten.de\/wp-content\/uploads\/2016\/06\/PICT4558-300x225.jpg 300w, https:\/\/bachgrundmusikanten.de\/wp-content\/uploads\/2016\/06\/PICT4558-768x576.jpg 768w, https:\/\/bachgrundmusikanten.de\/wp-content\/uploads\/2016\/06\/PICT4558-1024x768.jpg 1024w\" sizes=\"auto, (max-width: 757px) 100vw, 757px\" \/><\/p>\n<p>Zur Gruppe<\/p>\n<p>Die Dr\u00e4schflegel ist eine Unterabteilung der \u201eBachgrundmusikanten M\u00fcnster- B\u00fchler- Hundsbach eV.\u201c&lt;&gt;<\/p>\n<p>die es sich zur Aufgabe gemacht hat speziell Fr\u00e4nkische Volks- und Tanzmusik, zu<\/p>\n<p>pflegen und zu spielen.<\/p>\n<p>Der Anfang<\/p>\n<p>Unser Allroundtalent Josef Rosenzweig bekam uralte Hefte mit Tanzmusiknoten in die<\/p>\n<p>H\u00e4nde.<\/p>\n<p>2004 machte er sich an die Arbeit um diese zu bearbeiten und Noten f\u00fcr zumindest<\/p>\n<p>einer kleinen (Fr\u00e4nkischen)Besetzung zusammenzustellen.<\/p>\n<p>Obwohl diese Notensammlung in unserer Gegend einst weit verbreitet war<\/p>\n<p>-Viele \u00e4ltere Musiker kannten diese.<\/p>\n<p>war dies eine \u201eSyssiphusarbeit\u201c denn die wichtigsten Stimmen waren nicht mehr<\/p>\n<p>auffindbar.<\/p>\n<p>Irgendwie schaffte es unser Josef dann doch Noten f\u00fcr eine spielbare Besetzung<\/p>\n<p>aufzutreiben.<\/p>\n<p>Das Projekt<\/p>\n<p>In einer Probe versuchten wir ein paar dieser St\u00fccke durchlaufen zu lassen, doch<\/p>\n<p>leider hielt sich die Begeisterung auch wegen des fehlerhaften Notenmaterials sehr in<\/p>\n<p>Grenzen.<\/p>\n<p>So wurde beschlossen mit einer separaten Gruppe zu \u00fcben. (Die sog. \u201eGeburtsstunde\u201c<\/p>\n<p>der Kleinbesetzung).<\/p>\n<p>Schon damals wurden wir schon sehr durch befreundete Musikkollegen unterst\u00fctzt.<\/p>\n<p>Die erste Probephase verlief sehr holprig.<\/p>\n<p>Obwohl einige Kollegen bereits Volkstanzerfahrung hatten kam es vor Allem wegen<\/p>\n<p>den Tempi und des schlechten (zum Teil handgeschriebenen) Notenmaterials zu<\/p>\n<p>Unstimmigkeiten.<\/p>\n<p>Au\u00dferdem galt es viele Notenfehler auszumerzen.<\/p>\n<p>Trotz Allem stellten wir fest dass die Fr\u00e4nkische Musik sehr ausbauf\u00e4hig ist.<\/p>\n<p>So besorgten wir uns noch etliche zus\u00e4tzliche \u201emodernere\u201c Noten.<\/p>\n<p>Die Figurent\u00e4nze<\/p>\n<p>Wir haben das gro\u00dfe Gl\u00fcck dass wir den Karlstadter Volkstanz- und Trachtenverein<\/p>\n<p>Ganz in der N\u00e4he haben.<\/p>\n<p>Mit viel Geduld \u00fcbten unsere Freunde zusammen mit uns die praktische Anwendung<\/p>\n<p>der wichtigsten Figurent\u00e4nze.<\/p>\n<p>Ganz besonderen Dank gilt hier der \u201eVort\u00e4nzerin\u201c Lisa Cmiel und ihrer Familie die uns<\/p>\n<p>sehr viel zeigten und entsprechend korrigierten.<\/p>\n<p>-live- Musik ist halt doch immer wieder wesentlich anders als die stets saubere und<\/p>\n<p>akkurate Bandmusik (Gedudel).<\/p>\n<p>Die ersten Auftritte<\/p>\n<p>Nachdem die erste Probephase vor\u00fcber war \u00fcberlegten wir das weitere Vorgehen,<\/p>\n<p>wobei wir stets unserem Vorsatz<\/p>\n<p>\u201e<u>Wir wollen gegen Niemanden konkurrieren oder Irgendjemanden etwas wegnehmen\u201c<\/u><\/p>\n<p>folgten.<\/p>\n<p>Dies war ein Grund mehr uns schon recht fr\u00fch als \u201eFr\u00e4nkische Besetzung\u201c zu<\/p>\n<p>bezeichnen um eigen Ideen umzusetzen.<\/p>\n<p>Als optimal stellte sich die Zusammenarbeit mit unseren Karlstadter- und Fuchsstadter<\/p>\n<p>Tanzfreunden heraus.<\/p>\n<p>Lokale Heimatabende wurden auch gerne angenommen.<\/p>\n<p>Da es allerdings sehr schwer ist Musikkollegen f\u00fcr diese Musikrichtung zu begeistern<\/p>\n<p>wollten wir urspr\u00fcnglich dieses Projekt an dieser Stelle vern\u00fcnftig beenden.<\/p>\n<p>-Jedoch sprach sich die durchwegs positive Resonanz f\u00fcr eine Weiterf\u00fchrung aus.<\/p>\n<p>-\u201eEndli \u00e4mol ke Blasdigmusig\u201c<\/p>\n<p>-\u201eDes is sou sch\u00f6a un h\u00f6rd si o wia fr\u00fcr\u201c<\/p>\n<p>-\u201eIhr machd ja gor ke schn\u00fcrmusig!\u201c ??? \u2013\u201eno des mid dar\u00e4 schn\u00fcr un kabl!\u201c<\/p>\n<p>(elektronische Verst\u00e4rkung)<\/p>\n<p>-mal sehn wies weitergeht.<\/p>\n<p>Der Name<\/p>\n<p>Nachdem wir merkten dass unser Bet\u00e4tigungsfeld hoch interessant und ausbauf\u00e4hig ist<\/p>\n<p>suchten wir nach einem markanten Namen f\u00fcr unsere Gruppe.<\/p>\n<p>Bei unseren Kollegen der Szene l\u00e4sst sich immer eine Beziehung zur \u201eAlten Heimat\u201c<\/p>\n<p>erkennen.<\/p>\n<p>Irgendwann kam es zu einer Eingebung mit Hintergrund zu Allem.<\/p>\n<p>&#8211;<strong>\u201eDreschflegel\u201c<\/strong> = ein altes Handwerkzeug (Alte Musik)<\/p>\n<p>&#8211;<strong>\u201eDreschflegel\u201c<\/strong> = unsere Musiker haben alle irgendwie mit Landwirtschaft zu tun.<\/p>\n<p>-\u201eDresch<strong><u>-flegel\u201c<\/u><\/strong>&#8211; Kerls halt!<\/p>\n<p>Damit das ganze noch sch\u00f6n ins Auge sticht erlaubten wir ganz bewusst unseren<\/p>\n<p>Schreibfehler.<\/p>\n<p>Deshalb:\u00a0\u00a0 <strong><u>\u201eDie Dr\u00e4schflegel\u201c<\/u><\/strong><\/p>\n","protected":false},"excerpt":{"rendered":"<p>Zur Gruppe Die Dr\u00e4schflegel ist eine Unterabteilung der \u201eBachgrundmusikanten M\u00fcnster- B\u00fchler- Hundsbach eV.\u201c&lt;&gt; die es sich zur Aufgabe gemacht hat speziell Fr\u00e4nkische Volks- und Tanzmusik, zu pflegen und zu spielen. [&hellip;]<\/p>\n","protected":false},"author":1,"featured_media":0,"parent":0,"menu_order":0,"comment_status":"closed","ping_status":"closed","template":"","meta":{"ngg_post_thumbnail":0,"footnotes":""},"class_list":["post-79","page","type-page","status-publish","hentry"],"_links":{"self":[{"href":"https:\/\/bachgrundmusikanten.de\/index.php?rest_route=\/wp\/v2\/pages\/79","targetHints":{"allow":["GET"]}}],"collection":[{"href":"https:\/\/bachgrundmusikanten.de\/index.php?rest_route=\/wp\/v2\/pages"}],"about":[{"href":"https:\/\/bachgrundmusikanten.de\/index.php?rest_route=\/wp\/v2\/types\/page"}],"author":[{"embeddable":true,"href":"https:\/\/bachgrundmusikanten.de\/index.php?rest_route=\/wp\/v2\/users\/1"}],"replies":[{"embeddable":true,"href":"https:\/\/bachgrundmusikanten.de\/index.php?rest_route=%2Fwp%2Fv2%2Fcomments&post=79"}],"version-history":[{"count":6,"href":"https:\/\/bachgrundmusikanten.de\/index.php?rest_route=\/wp\/v2\/pages\/79\/revisions"}],"predecessor-version":[{"id":686,"href":"https:\/\/bachgrundmusikanten.de\/index.php?rest_route=\/wp\/v2\/pages\/79\/revisions\/686"}],"wp:attachment":[{"href":"https:\/\/bachgrundmusikanten.de\/index.php?rest_route=%2Fwp%2Fv2%2Fmedia&parent=79"}],"curies":[{"name":"wp","href":"https:\/\/api.w.org\/{rel}","templated":true}]}}

Die Dräschflegel

<p><img loading="lazy" decoding="async" class="alignnone  wp-image-685" src="https://bachgrundmusikanten.de/wp-content/uploads/2016/06/PICT4558.jpg" alt="PICT4558" width="757" height="568" srcset="https://bachgrundmusikanten.de/wp-content/uploads/2016/06/PICT4558.jpg 2816w, https://bachgrundmusikanten.de/wp-content/uploads/2016/06/PICT4558-300x225.jpg 300w, https://bachgrundmusikanten.de/wp-content/uploads/2016/06/PICT4558-768x576.jpg 768w, https://bachgrundmusikanten.de/wp-content/uploads/2016/06/PICT4558-1024x768.jpg 1024w" sizes="auto, (max-width: 757px) 100vw, 757px" /></p>
<p>Zur Gruppe</p>
<p>Die Dräschflegel ist eine Unterabteilung der „Bachgrundmusikanten Münster- Bühler- Hundsbach eV.“&lt;&gt;</p>
<p>die es sich zur Aufgabe gemacht hat speziell Fränkische Volks- und Tanzmusik, zu</p>
<p>pflegen und zu spielen.</p>
<p>Der Anfang</p>
<p>Unser Allroundtalent Josef Rosenzweig bekam uralte Hefte mit Tanzmusiknoten in die</p>
<p>Hände.</p>
<p>2004 machte er sich an die Arbeit um diese zu bearbeiten und Noten für zumindest</p>
<p>einer kleinen (Fränkischen)Besetzung zusammenzustellen.</p>
<p>Obwohl diese Notensammlung in unserer Gegend einst weit verbreitet war</p>
<p>-Viele ältere Musiker kannten diese.</p>
<p>war dies eine „Syssiphusarbeit“ denn die wichtigsten Stimmen waren nicht mehr</p>
<p>auffindbar.</p>
<p>Irgendwie schaffte es unser Josef dann doch Noten für eine spielbare Besetzung</p>
<p>aufzutreiben.</p>
<p>Das Projekt</p>
<p>In einer Probe versuchten wir ein paar dieser Stücke durchlaufen zu lassen, doch</p>
<p>leider hielt sich die Begeisterung auch wegen des fehlerhaften Notenmaterials sehr in</p>
<p>Grenzen.</p>
<p>So wurde beschlossen mit einer separaten Gruppe zu üben. (Die sog. „Geburtsstunde“</p>
<p>der Kleinbesetzung).</p>
<p>Schon damals wurden wir schon sehr durch befreundete Musikkollegen unterstützt.</p>
<p>Die erste Probephase verlief sehr holprig.</p>
<p>Obwohl einige Kollegen bereits Volkstanzerfahrung hatten kam es vor Allem wegen</p>
<p>den Tempi und des schlechten (zum Teil handgeschriebenen) Notenmaterials zu</p>
<p>Unstimmigkeiten.</p>
<p>Außerdem galt es viele Notenfehler auszumerzen.</p>
<p>Trotz Allem stellten wir fest dass die Fränkische Musik sehr ausbaufähig ist.</p>
<p>So besorgten wir uns noch etliche zusätzliche „modernere“ Noten.</p>
<p>Die Figurentänze</p>
<p>Wir haben das große Glück dass wir den Karlstadter Volkstanz- und Trachtenverein</p>
<p>Ganz in der Nähe haben.</p>
<p>Mit viel Geduld übten unsere Freunde zusammen mit uns die praktische Anwendung</p>
<p>der wichtigsten Figurentänze.</p>
<p>Ganz besonderen Dank gilt hier der „Vortänzerin“ Lisa Cmiel und ihrer Familie die uns</p>
<p>sehr viel zeigten und entsprechend korrigierten.</p>
<p>-live- Musik ist halt doch immer wieder wesentlich anders als die stets saubere und</p>
<p>akkurate Bandmusik (Gedudel).</p>
<p>Die ersten Auftritte</p>
<p>Nachdem die erste Probephase vorüber war überlegten wir das weitere Vorgehen,</p>
<p>wobei wir stets unserem Vorsatz</p>
<p>„<u>Wir wollen gegen Niemanden konkurrieren oder Irgendjemanden etwas wegnehmen“</u></p>
<p>folgten.</p>
<p>Dies war ein Grund mehr uns schon recht früh als „Fränkische Besetzung“ zu</p>
<p>bezeichnen um eigen Ideen umzusetzen.</p>
<p>Als optimal stellte sich die Zusammenarbeit mit unseren Karlstadter- und Fuchsstadter</p>
<p>Tanzfreunden heraus.</p>
<p>Lokale Heimatabende wurden auch gerne angenommen.</p>
<p>Da es allerdings sehr schwer ist Musikkollegen für diese Musikrichtung zu begeistern</p>
<p>wollten wir ursprünglich dieses Projekt an dieser Stelle vernünftig beenden.</p>
<p>-Jedoch sprach sich die durchwegs positive Resonanz für eine Weiterführung aus.</p>
<p>-„Endli ämol ke Blasdigmusig“</p>
<p>-„Des is sou schöa un hörd si o wia frür“</p>
<p>-„Ihr machd ja gor ke schnürmusig!“ ??? –„no des mid darä schnür un kabl!“</p>
<p>(elektronische Verstärkung)</p>
<p>-mal sehn wies weitergeht.</p>
<p>Der Name</p>
<p>Nachdem wir merkten dass unser Betätigungsfeld hoch interessant und ausbaufähig ist</p>
<p>suchten wir nach einem markanten Namen für unsere Gruppe.</p>
<p>Bei unseren Kollegen der Szene lässt sich immer eine Beziehung zur „Alten Heimat“</p>
<p>erkennen.</p>
<p>Irgendwann kam es zu einer Eingebung mit Hintergrund zu Allem.</p>
<p>&#8211;<strong>„Dreschflegel“</strong> = ein altes Handwerkzeug (Alte Musik)</p>
<p>&#8211;<strong>„Dreschflegel“</strong> = unsere Musiker haben alle irgendwie mit Landwirtschaft zu tun.</p>
<p>-„Dresch<strong><u>-flegel“</u></strong>&#8211; Kerls halt!</p>
<p>Damit das ganze noch schön ins Auge sticht erlaubten wir ganz bewusst unseren</p>
<p>Schreibfehler.</p>
<p>Deshalb:   <strong><u>„Die Dräschflegel“</u></strong></p>

<p>Zur Gruppe Die Dräschflegel ist eine Unterabteilung der „Bachgrundmusikanten Münster- Bühler- Hundsbach eV.“&lt;&gt; die es sich zur Aufgabe gemacht hat speziell Fränkische Volks- und Tanzmusik, zu pflegen und zu spielen. [&hellip;]</p>
