{"id":77,"date":"2016-06-18T10:42:01","date_gmt":"2016-06-18T10:42:01","guid":{"rendered":"http:\/\/bachgrundmusikanten.de\/?page_id=77"},"modified":"2022-01-12T20:02:07","modified_gmt":"2022-01-12T20:02:07","slug":"die-boehmischen","status":"publish","type":"page","link":"https:\/\/bachgrundmusikanten.de\/?page_id=77","title":{"rendered":"Die B\u00f6hmischen"},"content":{"rendered":"<p><img loading=\"lazy\" decoding=\"async\" class=\"alignnone size-full wp-image-730\" src=\"https:\/\/bachgrundmusikanten.de\/wp-content\/uploads\/2016\/06\/IMG_20210707_192705.jpg\" alt=\"IMG_20210707_192705\" width=\"3968\" height=\"2976\" srcset=\"https:\/\/bachgrundmusikanten.de\/wp-content\/uploads\/2016\/06\/IMG_20210707_192705.jpg 3968w, https:\/\/bachgrundmusikanten.de\/wp-content\/uploads\/2016\/06\/IMG_20210707_192705-300x225.jpg 300w, https:\/\/bachgrundmusikanten.de\/wp-content\/uploads\/2016\/06\/IMG_20210707_192705-768x576.jpg 768w, https:\/\/bachgrundmusikanten.de\/wp-content\/uploads\/2016\/06\/IMG_20210707_192705-1024x768.jpg 1024w\" sizes=\"auto, (max-width: 3968px) 100vw, 3968px\" \/><\/p>\n<p>Spa\u00df am musizieren \u2013 das ist unser Motto<\/p>\n<p>Im Oktober 2010 wurde das Projekt<\/p>\n<p>DIE B\u00d6HMISCHEN<br \/>\nvon Franz-Josef Rosenzweig ins Leben gerufen. Seither kommen gleich gesinnte Musiker und Musikerinnen aus dem Gro\u00dfraum Main Spessart, W\u00fcrzburg und Schweinfurt zusammen, um gemeinsam die Faszination dieser Musikrichtung zu erleben.<\/p>\n<p>Peter Bunzel, selbst Klarinettist, \u00fcbernahm die Leitung des Amateur \u2013 Orchesters. Er stand 35 Jahre im Musikdienst der Bundeswehr, zuletzt im Heeresmusikkorps 12 in Veitsh\u00f6chheim.<\/p>\n<p>Wir DIE B\u00d6HMISCHEN in Besetzung einer typischen B\u00f6hmischen Musikkapelle m\u00f6chten unserem Publikum allein durch den Klang unserer Instrumente, ohne viel Elektronik und Verst\u00e4rker, ein besonderes Erlebnis bereiten.<\/p>\n<p>Jeder Auftritt ein Erlebnis<\/p>\n<p>Lassen Sie sich bei einem Live-Auftritt von unserer Leidenschaft und Spielfreude anstecken.<\/p>\n<p>Wir w\u00fcrden auch gerne bei einer Ihrer n\u00e4chsten Veranstaltung die musikalische Umrahmung \u00fcbernehmen.<\/p>\n<p>Setzen Sie sich unverbindlich mit uns f\u00fcr eine rechtzeitige Terminabsprache in Verbindung.<\/p>\n","protected":false},"excerpt":{"rendered":"<p>Spa\u00df am musizieren \u2013 das ist unser Motto Im Oktober 2010 wurde das Projekt DIE B\u00d6HMISCHEN von Franz-Josef Rosenzweig ins Leben gerufen. Seither kommen gleich gesinnte Musiker und Musikerinnen aus [&hellip;]<\/p>\n","protected":false},"author":1,"featured_media":0,"parent":0,"menu_order":0,"comment_status":"closed","ping_status":"closed","template":"","meta":{"ngg_post_thumbnail":0,"footnotes":""},"class_list":["post-77","page","type-page","status-publish","hentry"],"_links":{"self":[{"href":"https:\/\/bachgrundmusikanten.de\/index.php?rest_route=\/wp\/v2\/pages\/77","targetHints":{"allow":["GET"]}}],"collection":[{"href":"https:\/\/bachgrundmusikanten.de\/index.php?rest_route=\/wp\/v2\/pages"}],"about":[{"href":"https:\/\/bachgrundmusikanten.de\/index.php?rest_route=\/wp\/v2\/types\/page"}],"author":[{"embeddable":true,"href":"https:\/\/bachgrundmusikanten.de\/index.php?rest_route=\/wp\/v2\/users\/1"}],"replies":[{"embeddable":true,"href":"https:\/\/bachgrundmusikanten.de\/index.php?rest_route=%2Fwp%2Fv2%2Fcomments&post=77"}],"version-history":[{"count":6,"href":"https:\/\/bachgrundmusikanten.de\/index.php?rest_route=\/wp\/v2\/pages\/77\/revisions"}],"predecessor-version":[{"id":731,"href":"https:\/\/bachgrundmusikanten.de\/index.php?rest_route=\/wp\/v2\/pages\/77\/revisions\/731"}],"wp:attachment":[{"href":"https:\/\/bachgrundmusikanten.de\/index.php?rest_route=%2Fwp%2Fv2%2Fmedia&parent=77"}],"curies":[{"name":"wp","href":"https:\/\/api.w.org\/{rel}","templated":true}]}}